factors of 119231370?
2, 3, 5, 17, 77929
What are the prime factors of 36757429?
193, 227, 839
What are the prime factors of 99150110?
2, 5, 1187, 8353
List the prime factors of 546289484.
2, 13, 127, 82721
List the prime factors of 413876955.
3, 5, 27591797
What are the prime factors of 3353049010?
2, 5, 1913, 175277
What are the prime factors of 53788175?
5, 7, 307361
List the prime factors of 1728348408.
2, 3, 457, 17509
What are the prime factors of 1376104955?
5, 29, 809, 11731
What are the prime factors of 3703583037?
3, 7, 11, 19, 843833
What are the prime factors of 50060552?
2, 2273, 2753
What are the prime factors of 4909189779?
3, 13, 41958887
What are the prime factors of 2973071265?
3, 5, 17, 19, 613637
List the prime factors of 776965136.
2, 48560321
List the prime factors of 4559797128.
2, 3, 991, 191717
List the prime factors of 77747297.
19, 79, 51797
What are the prime factors of 660101358?
2, 3, 7, 3539, 4441
List the prime factors of 34332048.
2, 3, 238417
What are the prime factors of 109636543?
109636543
List the prime factors of 283855327.
7, 40550761
What are the prime factors of 19757008?
2, 1234813
What are the prime factors of 2274027113?
61, 223, 349, 479
List the prime factors of 2164609912.
2, 167, 1620217
List the prime factors of 1495378962.
2, 3, 7, 11, 83, 619
List the prime factors of 4654679.
223, 20873
What are the prime factors of 996747619?
7, 19, 23, 31, 457
List the prime factors of 1119560840.
2, 5, 17, 1646413
What are the prime factors of 2764254458?
2, 7, 311, 719, 883
What are the prime factors of 35330619?
3, 11776873
List the prime factors of 187140827.
53, 3530959
List the prime factors of 154048726.
2, 13, 41, 144511
What are the prime factors of 2129264093?
11, 17, 127, 89657
What are the prime factors of 4480000046?
2, 7759, 288697
List the prime factors of 269937877.
11, 24539807
What are the prime factors of 47792245?
5, 223, 42863
List the prime factors of 117653408.
2, 47, 137, 571
What are the prime factors of 225169219?
11, 131, 156259
What are the prime factors of 38573673?
3, 12857891
What are the prime factors of 372437219?
7, 11, 233, 20759
List the prime factors of 5452197533.
5452197533
List the prime factors of 35096095.
5, 7019219
List the prime factors of 163861469.
6217, 26357
What are the prime factors of 144929065?
5, 2293, 12641
What are the prime factors of 4800053?
4800053
What are the prime factors of 607916461?
2521, 241141
List the prime factors of 1915396468.
2, 53, 1987, 4547
List the prime factors of 6044757796.
2, 7, 11, 17, 29, 47
What are the prime factors of 21324356?
2, 5331089
List the prime factors of 111768884.
2, 79, 353699
List the prime factors of 36792073.
73, 504001
List the prime factors of 1429443015.
3, 5, 7, 11, 13, 31, 37, 83
List the prime factors of 206454223.
43, 193, 24877
What are the prime factors of 171489449?
23, 7456063
List the prime factors of 3607881140.
2, 5, 180394057
What are the prime factors of 30749968?
2, 1921873
What are the prime factors of 192079429?
11821, 16249
List the prime factors of 1183625006.
2, 499, 1185997
What are the prime factors of 13166305?
5, 2633261
List the prime factors of 167087414.
2, 13, 67, 95917
List the prime factors of 181697999.
7, 23, 677, 1667
List the prime factors of 188990711.
7, 13, 71, 29251
List the prime factors of 1064848128.
2, 3, 647, 2143
What are the prime factors of 65337259?
13, 386611
List the prime factors of 25394966.
2, 2447, 5189
What are the prime factors of 438290520?
2, 3, 5, 3652421
List the prime factors of 864423402.
2, 3, 521, 276527
List the prime factors of 124256150.
2, 5, 2485123
List the prime factors of 472455402.
2, 3, 78742567
List the prime factors of 1072320313.
71, 15103103
List the prime factors of 8906324982.
2, 3, 37, 40118581
List the prime factors of 94009036.
2, 11, 19, 139, 809
List the prime factors of 71689527.
3, 7, 13, 17, 19, 271
List the prime factors of 107070186.
2, 3, 509, 35059
What are the prime factors of 168024233?
13, 2161, 5981
List the prime factors of 2659611064.
2, 11, 829, 36457
List the prime factors of 1985832259.
23, 263, 328291
What are the prime factors of 3847817764?
2, 7, 347, 396029
List the prime factors of 733154860.
2, 5, 36657743
What are the prime factors of 110031718?
2, 17, 421, 7687
What are the prime factors of 34737917?
359, 96763
What are the prime factors of 137625652?
2, 23, 173, 8647
What are the prime factors of 70004675?
5, 13, 215399
List the prime factors of 115046017.
701, 164117
List the prime factors of 122319909.
3, 89, 109, 467
List the prime factors of 40881071.
7, 11, 241, 2203
What are the prime factors of 14024472?
2, 3, 7, 11, 7589
What are the prime factors of 29584883?
29584883
List the prime factors of 574408660.
2, 5, 7, 59, 197, 353
What are the prime factors of 319195481?
11, 71, 408701
List the prime factors of 129290182.
2, 7, 1193, 7741
List the prime factors of 107672824.
2, 7, 29, 66301
What are the prime factors of 950440927?
373, 383, 6653
What are the prime factors of 360109567?
37, 9732691
What are the prime factors of 2544988144?
2, 5449, 29191
What are the prime factors of 18668103?
3, 109, 57089
What are the prime factors of 32407350?
2, 3, 5, 19, 83, 137
What are the prime factors of 221912986?
2, 110956493
List the prime factors of 62477126.
2, 31238563
List the prime factors of 616973601.
3, 139, 1479553
List the prime factors of 95274448.
2, 5954653
What are the prime factors of 73365464?
2, 151, 60733
What are the prime factors of 530720?
2, 5, 31, 107
What are the prime factors of 62546462?
2, 11, 2843021
List the prime factors of 35440188.
2, 3, 7, 421907
What are the prime factors of 93890811?
3, 7, 281, 2273
List the prime factors of 42231158.
2, 21115579
What are the prime factors of 513163612?
2, 13, 167, 59093
What are the prime factors of 155677109?
7, 17, 89, 14699
What are the prime factors of 1924263891?
3, 11, 6479003
What are the prime factors of 68347498?
2, 31, 1039, 1061
List the prime factors of 166951899.
3, 137, 135403
What are the prime factors of 65072179?
101, 6379
List the prime factors of 517645202.
2, 258822601
What are the prime factors of 3200787180?
2, 3, 5, 23, 41, 109, 173
What are the prime factors of 55206342?
2, 3, 61, 137, 367
What are the prime factors of 90510960?
2, 3, 5, 377129
What are the prime factors of 805571026?
2, 13, 30983501
List the prime factors of 1335101163.
3, 11, 41, 467, 2113
List the prime factors of 194806129.
7, 41, 678767
List the prime factors of 94656692.
2, 13, 229, 7949
What are the prime factors of 342911742?
2, 3, 3253, 17569
What are the prime factors of 379517657?
443, 856699
What are the prime factors of 929960996?
2, 17, 13675897
List the prime factors of 13895536.
2, 19, 43, 1063
What are the prime factors of 18358721?
43, 9929
What are the prime factors of 1094177876?
2, 11, 71, 350249
What are the prime factors of 11067484?
2, 1619, 1709
What are the prime factors of 2644224526?
2, 241, 491, 11173
What are the prime factors of 346670866?
2, 173335433
List the prime factors of 3841139.
3841139
List the prime factors of 995572188.
2, 3, 13, 709097
List the prime factors of 7093470066.
2, 3, 23, 157, 327401
What are the prime factors of 145469206?
2, 19, 53, 72229
What are the prime factors of 74198950?
2, 5, 7, 211997
List the prime factors of 71896575.
3, 5, 41, 103, 227
List the prime factors of 2125032278.
2, 139, 7644001
What are the prime factors of 393543124?
2, 13, 19, 398323
List the prime factors of 83103109.
83103109
List the prime factors of 679975882.
2, 339987941
What are the prime factors of 205240027?
419, 489833
What are the prime factors of 592187868?
2, 3, 53, 103457
List the prime factors of 1437434467.
7, 79, 113, 23003
What are the prime factors of 644393640?
2, 3, 5, 11, 521, 937
List the prime factors of 1306921365.
3, 5, 19, 509521
List the prime factors of 3035849755.
5, 607169951
What are the prime factors of 606976798?
2, 303488399
List the prime factors of 6769430156.
2, 3217, 526067
What are the prime factors of 17930594?
2, 11, 47, 17341
List the prime factors of 400346730.
2, 3, 5, 7, 635471
List the prime factors of 4045705706.
2, 7, 288978979
List the prime factors of 21157